highest common divisor of 1716 and 15736578?
858
Calculate the greatest common divisor of 81660546 and 66.
66
What is the highest common factor of 3 and 25800486?
3
What is the highest common divisor of 4184 and 1090394332?
2092
Calculate the greatest common divisor of 2376 and 29048.
8
Calculate the greatest common factor of 76154 and 421602.
58
What is the greatest common factor of 400 and 5184?
16
Calculate the highest common divisor of 517121 and 106.
53
Calculate the highest common divisor of 854664 and 6705.
447
Calculate the greatest common divisor of 27 and 6159051.
27
What is the greatest common divisor of 333759433 and 973?
973
Calculate the highest common factor of 104585438 and 428.
214
What is the highest common factor of 20 and 487322830?
10
Calculate the greatest common factor of 50864 and 1034.
22
What is the greatest common divisor of 32665 and 11696155?
695
Calculate the highest common factor of 10289521 and 519.
173
Calculate the highest common divisor of 141409654 and 8871.
2957
What is the greatest common divisor of 640600 and 19408?
8
What is the greatest common divisor of 214799 and 215475?
169
What is the highest common divisor of 11 and 19598601?
11
Calculate the greatest common divisor of 353635 and 120.
5
What is the highest common divisor of 45694101 and 9264?
579
Calculate the greatest common divisor of 534 and 22828144.
178
What is the greatest common divisor of 280 and 39128?
8
Calculate the greatest common divisor of 1557 and 382310970.
519
What is the greatest common divisor of 9391802 and 4816?
602
What is the highest common factor of 333 and 1178877942?
333
Calculate the highest common divisor of 896 and 354242.
14
What is the highest common divisor of 4063813 and 65?
13
Calculate the highest common divisor of 9338384 and 3290752.
8752
What is the greatest common divisor of 14443 and 72270?
11
Calculate the greatest common factor of 5833 and 885388.
307
What is the highest common divisor of 3297 and 12203296?
1099
What is the highest common factor of 12285 and 1720635?
105
Calculate the greatest common factor of 993740 and 3641.
11
Calculate the highest common factor of 11 and 9727883.
11
Calculate the greatest common divisor of 44372 and 13564.
4
Calculate the greatest common factor of 119126 and 25393.
67
What is the greatest common divisor of 7647500 and 23?
23
What is the highest common divisor of 282 and 78904023?
141
What is the highest common factor of 300240 and 5210?
10
Calculate the highest common divisor of 8497 and 95816.
29
What is the greatest common factor of 522025081 and 2333?
2333
What is the greatest common divisor of 507 and 419864445?
507
What is the highest common factor of 112723 and 29506217?
3887
Calculate the greatest common divisor of 27899 and 1563557.
1213
What is the highest common divisor of 1197 and 890946?
63
What is the highest common divisor of 1986 and 508008208?
662
What is the greatest common factor of 7458624 and 96?
96
Calculate the highest common divisor of 203300 and 241300.
1900
What is the greatest common divisor of 17121426 and 5082?
42
What is the highest common divisor of 1957063149 and 18?
9
Calculate the highest common factor of 4851 and 1287693.
99
What is the highest common divisor of 810 and 4730?
10
What is the greatest common divisor of 15907007 and 172454?
3749
Calculate the greatest common divisor of 119889 and 1557000.
1557
What is the greatest common factor of 218 and 2778301?
109
What is the greatest common divisor of 1288 and 1177064?
56
What is the highest common factor of 185168424 and 1776?
888
Calculate the highest common divisor of 36224968 and 104.
104
What is the greatest common factor of 46 and 10090238?
46
What is the greatest common factor of 2049081 and 14885034?
10617
What is the greatest common factor of 359239657 and 2611?
2611
Calculate the greatest common factor of 132803461 and 7.
7
Calculate the greatest common divisor of 186586019 and 151.
151
Calculate the highest common divisor of 2105117 and 280973.
623
What is the highest common factor of 235338 and 38613?
183
Calculate the highest common factor of 3349784 and 20536.
1208
What is the greatest common divisor of 123891168 and 96?
96
Calculate the highest common divisor of 417 and 3202421.
139
Calculate the greatest common factor of 281424 and 23496.
264
What is the greatest common factor of 46 and 14846454?
46
Calculate the highest common divisor of 451 and 36419119.
11
Calculate the greatest common divisor of 27081 and 1957797.
1593
What is the greatest common factor of 104 and 19407552?
8
Calculate the greatest common divisor of 17560 and 105761246.
878
Calculate the greatest common factor of 26 and 1691824342.
26
Calculate the greatest common factor of 2729536 and 184.
8
Calculate the greatest common factor of 179 and 802933319.
179
What is the highest common factor of 699542949 and 1713?
1713
Calculate the highest common divisor of 153526 and 174.
58
What is the highest common divisor of 3298051 and 272?
17
What is the highest common factor of 402 and 235199346?
402
What is the highest common factor of 4243489 and 2941?
17
What is the greatest common divisor of 2095528 and 5379?
163
Calculate the highest common factor of 666 and 15200334.
18
What is the greatest common divisor of 7285 and 3134665?
235
Calculate the greatest common factor of 84049258 and 102.
34
What is the greatest common divisor of 4485671 and 187?
17
What is the highest common factor of 270370 and 11210?
190
What is the greatest common divisor of 9501 and 41338851?
9501
What is the greatest common factor of 163 and 10818147?
163
What is the greatest common factor of 5313937 and 22323?
1063
What is the highest common factor of 618781 and 107?
107
Calculate the highest common divisor of 693 and 4418883.
63
Calculate the greatest common factor of 1542 and 100168834.
514
Calculate the highest common factor of 145621 and 5077352.
497
Calculate the highest common factor of 4900 and 285740.
140
Calculate the highest common divisor of 9245 and 902570.
215
Calculate the highest common divisor of 8838778 and 36478.
1586
Calculate the greatest common factor of 8540504 and 112.
56
What is the highest common factor of 55280771 and 273?
91
What is the highest common divisor of 60210 and 10?
10
Calculate the highest common factor of 190531 and 212511349.
17321
What is the highest common divisor of 524176 and 364896?
2896
Calculate the greatest common factor of 112420103 and 236371.
10277
What is the greatest common divisor of 18805653 and 423?
9
Calculate the greatest common factor of 2521017 and 243.
27
What is the highest common divisor of 459 and 2136679?
17
What is the greatest common divisor of 67217490 and 270?
90
Calculate the highest common divisor of 186650 and 250.
50
Calculate the highest common factor of 8045351 and 305.
61
Calculate the greatest common factor of 3376298 and 21122.
358
Calculate the highest common factor of 25 and 317257925.
25
Calculate the greatest common factor of 764134 and 798.
14
Calculate the highest common factor of 177080771 and 2731.
2731
What is the greatest common factor of 149281 and 81631?
451
What is the highest common factor of 36344505 and 5825?
1165
What is the greatest common divisor of 20865 and 417495?
195
Calculate the highest common divisor of 217708 and 151108.
148
What is the highest common divisor of 108970 and 260270?
170
Calculate the highest common factor of 28 and 11302718.
14
What is the greatest common factor of 53041 and 2606201?
899
Calculate the highest common factor of 1614060 and 486276.
588
What is the greatest common factor of 44 and 50603428?
4
Calculate the greatest common divisor of 124384269 and 888.
111
What is the highest common factor of 234150 and 82425?
525
Calculate the greatest common divisor of 1103479 and 273.
13
What is the highest common factor of 1276 and 299164?
116
What is the greatest common divisor of 23690 and 240196?
206
What is the greatest common divisor of 16057090 and 380?
190
Calculate the highest common factor of 138855744 and 24.
24
Calculate the highest common divisor of 69105 and 6161820.
255
What is the highest common factor of 1364 and 28210589?
341
Calculate the highest common divisor of 42900 and 9562300.
1100
What 